actors of z(a)?
2
Let q = 1427 + 1059. List the prime factors of q.
2, 11, 113
Let f = 3635 + 12193. What are the prime factors of f?
2, 3, 1319
Suppose -5*x = 56*x - 406626. List the prime factors of x.
2, 3, 11, 101
Let h = 23773 + -16494. List the prime factors of h.
29, 251
Suppose 139*o + 275 = 587 + 244. Let w = -6 - -2. What are the prime factors of o*(-2 + (-35)/w)?
3
Let k = -24 + 29. Let d be (12/(-14))/(5/70). List the prime factors of ((-1)/k)/(d/60)*76.
2, 19
List the prime factors of (1826825/(-26))/(-7) + (-3)/2.
2, 13, 193
Let c = 47746 + -21262. What are the prime factors of c?
2, 3, 2207
Let j(y) = 14*y + 1661. Let r be j(0). Let f = -996 + r. What are the prime factors of f?
5, 7, 19
Suppose -3*f = -u + 24, -2*f - 3*u + 70 = 86. Let g(d) = -d**3 + 3*d - 1. Let h be g(-3). List the prime factors of h/(-68) + ((-1482)/f)/1.
5, 37
Suppose 0 = -374*u + 373*u + 9, -209771 = -5*i - 4*u. List the prime factors of i.
41947
Suppose -3*m - 4*a = -31731, 0 = 114*m - 110*m + 3*a - 42301. What are the prime factors of m?
97, 109
Let v = 2426 - -2227. List the prime factors of v.
3, 11, 47
Let o be -2 + 1 + 5 - 8568/(-36). List the prime factors of 3/(3/(-5 + o)).
3, 79
Suppose 3*d = -5*s + 30557 + 57255, -4*d - 24 = 0. List the prime factors of s.
2, 8783
Let u = 953 - -348. Suppose 4*p - g - 202 = u, -4*p - 2*g = -1494. List the prime factors of p.
3, 5
Suppose 0 = 4*w - 4*l - 11116, -217*l + 8313 = 3*w - 214*l. What are the prime factors of w?
3, 5, 37
Let i be ((-35)/(-10) - 1)*2. Suppose -8*t + 5*t + 4*k + 2367 = 0, 3945 = i*t + 3*k. What are the prime factors of t?
3, 263
Suppose 5*x + 0*x - 25980 = 5*a, 4*x + 5*a = 20784. Suppose 12*f = -0*f + x. List the prime factors of f.
433
List the prime factors of (-3)/((-9)/(-15)) + (8 - 2) + 6286.
6287
Let v = 395 - 357. Suppose 28*f + 6840 = v*f. What are the prime factors of f?
2, 3, 19
What are the prime factors of 333/(-36)*-1*(3 + 649)?
37, 163
Let n = 10896 + -4651. What are the prime factors of n?
5, 1249
Suppose -3*n = 2*t - 9226, -2*t + 3*t + 5*n = 4599. What are the prime factors of t?
31, 149
Suppose p - 12 = -11, -5*i - 5*p = -365345. List the prime factors of i.
2, 3, 6089
Let a be (-16377)/(-636) + (-3)/4. Suppose -2*p - 1 = -3*m + 2, -5*p = -m + 1. Let h = a - m. What are the prime factors of h?
2, 3
Suppose -4554*x + 4551*x = -5*r - 241056, -x = 3*r - 80352. What are the prime factors of x?
2, 3, 31
Let i be (158/(-3) - 0)/(56/(-1596)). Suppose 0 = -4*o + 2*r + 3508, 5*o - 2878 = 4*r + i. What are the prime factors of o?
3, 293
Let l = 5193 + -2509. Suppose -5*m - 3564 = -4*y - 6*m, 2*m = 3*y - l. What are the prime factors of y?
2, 223
Let r(i) = -41*i - 272. Let s be r(-10). Let b = s + 379. List the prime factors of b.
11, 47
Suppose 0 = -3*p + 12, -2284 = -7*d + 6*d + 2*p. Suppose -4*l - 2862 = -5*j - 0*j, -2*l - d = -4*j. List the prime factors of j.
2, 7, 41
Suppose 0 = 2*i - 0*a - 3*a - 1077, 0 = i + a - 541. Let v = i + -129. List the prime factors of v.
3, 137
List the prime factors of (-306)/459*(-3729)/5*25.
2, 5, 11, 113
Suppose -71*x = -60*x - 58*x + 1490934. What are the prime factors of x?
2, 3, 17, 311
Let x(g) = g**3 + 67*g**2 - 37*g - 43. List the prime factors of x(-66).
5, 7, 193
Let s be 4/6 - (952/51 - 17). Let x(p) = 106*p**2 - 2*p - 1 + 0*p + 0. What are the prime factors of x(s)?
107
Let b = 15654 - 11801. List the prime factors of b.
3853
Let o = 42800 + -15275. What are the prime factors of o?
3, 5, 367
Let s(w) = -2*w**2 - 9*w - 10. Let u(j) = 2*j**2 + 10*j + 11. Let o(k) = -4*s(k) - 3*u(k). Let p be o(-2). List the prime factors of -7 - -155 - (-3 + p/1).
2, 37
Let m(q) = 15*q**2 + 195*q + 15. Let j = 50 + -46. Let z(x) = -x**2 - 14*x - 1. Let u(r) = j*m(r) + 55*z(r). What are the prime factors of u(-4)?
3, 5
Let p = 49 + 8. Let d = -50 + p. Suppose 0 = x - d*x + 966. List the prime factors of x.
7, 23
Let z be 13 + 1/(-2) + (-5)/(-2). Suppose -z*i + 28507 = 6397. What are the prime factors of i?
2, 11, 67
Let r be 16 + 15/(-10) + 6/4. Suppose -r = -a + 3*v + v, -3*v - 17 = -2*a. Suppose -a*n + 781 = 101. List the prime factors of n.
2, 5, 17
Let q(u) = -u**3 + 3*u**2 - u + 3132. Let a be q(0). Suppose 28*m - a = 28340. What are the prime factors of m?
2, 281
Suppose -16*o + 144*o - 384 = 0. Suppose -7*i = -3*i - 16. Suppose -i*m + 27 + 29 = -o*w, -14 = -m - 3*w. What are the prime factors of m?
2, 7
Let q(t) = t + 13. Let m(u) = -4*u - 19. Let x(g) = -23*g - 114. Let a(d) = 34*m(d) - 6*x(d). Let z(b) = 3*a(b) - 8*q(b). List the prime factors of z(-4).
2, 3
Suppose 93 - 27 = 2*i. Let w(o) = -o**3 + 33*o**2 + 8*o - 11. Let r be w(i). Suppose -4*j - r + 789 = 0. List the prime factors of j.
2, 67
Suppose 33 = g + 2*g. Suppose g*s - 5*s = 30. Suppose 0 = s*i + 5*r - 570, i + 7*r - 102 = 2*r. What are the prime factors of i?
3, 13
Let x(z) = 2*z**2 - 16*z + 19. Let w be x(7). Suppose -w*t = t - 1374. What are the prime factors of t?
229
Let s(a) = 3*a**2 - 22*a + 8. Let w be s(7). What are the prime factors of -1*w*-377 - (-10)/(-5)?
3, 5
Let t = -32 + 1. Let h = 812 - 669. Let s = t + h. What are the prime factors of s?
2, 7
Let y be (3 + 15)*((-60)/(-18) + -3). Suppose -y*l + 2008 = -2*l. What are the prime factors of l?
2, 251
Let u(x) = x**3 - 2*x**2 - 5*x + 30. Let o be u(0). Suppose -4148 = -o*j + 9652. What are the prime factors of j?
2, 5, 23
Suppose 91*a + 23*a - 3955800 = -38*a. What are the prime factors of a?
3, 5, 347
Let n(o) = 5074*o**2 + 19*o - 7. What are the prime factors of n(2)?
20327
Let t(y) be the second derivative of -y**5/20 - 17*y**4/12 + 2*y**3 + 10*y**2 + 75*y. List the prime factors of t(-18).
2
Let z = 11079 - -9916. What are the prime factors of z?
5, 13, 17, 19
Let v be 7840/21 - (-1 + 4/3). Let q = 281 + v. List the prime factors of q.
2, 3, 109
Suppose -771 = -2*z - 5*r, 2*z + 2*r - 651 = 111. Let t = 756 - z. Suppose -4*o + t = -262. What are the prime factors of o?
2, 5
Suppose 19*w + 17247 + 5661 = 88*w. List the prime factors of w.
2, 83
Let s be (-2)/(2/(-4)*8)*-232. Let r = s - -118. List the prime factors of 441/(-126)*(-34)/(r/2).
7, 17
Let w = 5690 - 3207. List the prime factors of w.
13, 191
Let q = 615 + -363. Suppose 4*c = -m - m + 508, -m = 4*c - q. Suppose -2*t - 131 - 23 = -3*f, -5*f = -4*t - m. What are the prime factors of f?
2, 13
Suppose -5*l + 2*k - 5*k + 936 = 0, -3*l = 2*k - 562. Let i = l + -175. What are the prime factors of i?
11
Let t(u) = -527*u**2 + 8*u - 25. Let c be t(2). Let b = -1456 - c. List the prime factors of b.
661
Let g = -177077 + 253942. What are the prime factors of g?
5, 15373
Let c(p) = 253*p + 22. Let s be c(2). Suppose 5*z - z + 3*j = s, 4 = -j. Suppose 0 = 136*f - z*f - 268. What are the prime factors of f?
2, 67
Let r be 2/4*(-1 - -1). Suppose 0 = -r*j + 7*j - 98. List the prime factors of j.
2, 7
Let v be 80/(-96) + 10851/18. Suppose -3*q + 3*c = -606, 3*q - 5*c - v = -4*c. What are the prime factors of q?
2, 5
Let q(m) be the third derivative of 11*m**4/24 + 115*m**3/6 - 111*m**2. What are the prime factors of q(31)?
2, 3, 19
Suppose -29*r + 554 - 20 = 7117. Let n = 537 + -938. Let s = r - n. List the prime factors of s.
2, 3, 29
Let c = 28576 - 13890. What are the prime factors of c?
2, 7, 1049
Let q = 4154 - 1294. Suppose -3185 = -15*c + q. What are the prime factors of c?
13, 31
Let g be (-135)/(-15)*(-20)/(-6). Let s be 18/g + -1 - 44/(-10). What are the prime factors of (570/(-20))/((-3)/s)?
2, 19
Let c be 1 - -133 - (4 - 0). Suppose 0*m + c = 10*m. Let d = 42 - m. What are the prime factors of d?
29
Suppose -15426 = -8*p + 48542. List the prime factors of p.
2, 1999
Suppose -3*v = 4*d + 16, -v - 11 = 3*d + 1. Suppose -34*n + 2*n + 22944 = v. List the prime factors of n.
3, 239
Suppose 16*l - 72148 = -8468. Let h = l - 2091. List the prime factors of h.
1889
Suppose 2*j + 2*y - 6 = 8, -3*j + 11 = y. Suppose 0 = -3*m + 2*o + 829, -722 + 180 = -j*m + 4*o. List the prime factors of m.
3, 31
Suppose 5 = 5*s, 2*p - 209 - 228 = s. Let m = -4 - -15. Suppose -m*v + 749 = -p. List the prime factors of v.
2, 11
Let w(r) = -2*r**3 - 125*r**2 + 33*r - 225. What are the prime factors of w(-63)?
3, 5, 37
Let a be 6/3 + 0 + 3 + 16. List the prime factors of 6/(-2) + 3*456